{"id":103,"date":"2025-07-24T03:45:58","date_gmt":"2025-07-24T01:45:58","guid":{"rendered":"https:\/\/new.manuservices.net\/?page_id=103"},"modified":"2025-07-26T01:20:35","modified_gmt":"2025-07-25T23:20:35","slug":"politique-hse","status":"publish","type":"page","link":"https:\/\/new.manuservices.net\/?page_id=103","title":{"rendered":"Politique HSE"},"content":{"rendered":"\t\t<div data-elementor-type=\"wp-page\" data-elementor-id=\"103\" class=\"elementor elementor-103\" data-elementor-post-type=\"page\">\n\t\t\t\t<div class=\"elementor-element elementor-element-a366721 e-flex e-con-boxed e-con e-parent\" data-id=\"a366721\" data-element_type=\"container\" data-settings=\"{&quot;background_background&quot;:&quot;classic&quot;}\">\n\t\t\t\t\t<div class=\"e-con-inner\">\n\t\t\t\t<div class=\"elementor-element elementor-element-3e4ce1c animated-slow elementor-invisible elementor-widget elementor-widget-heading\" data-id=\"3e4ce1c\" data-element_type=\"widget\" data-settings=\"{&quot;_animation&quot;:&quot;slideInUp&quot;}\" data-widget_type=\"heading.default\">\n\t\t\t\t<div class=\"elementor-widget-container\">\n\t\t\t\t\t<h2 class=\"elementor-heading-title elementor-size-default\">Politique HSE<\/h2>\t\t\t\t<\/div>\n\t\t\t\t<\/div>\n\t\t\t\t\t<\/div>\n\t\t\t\t<\/div>\n\t\t<div class=\"elementor-element elementor-element-346110ad e-flex e-con-boxed e-con e-parent\" data-id=\"346110ad\" data-element_type=\"container\" data-settings=\"{&quot;background_background&quot;:&quot;classic&quot;}\">\n\t\t\t\t\t<div class=\"e-con-inner\">\n\t\t<div class=\"elementor-element elementor-element-433ce210 e-con-full e-flex e-con e-child\" data-id=\"433ce210\" data-element_type=\"container\">\n\t\t\t\t<div class=\"elementor-element elementor-element-4a197c6b elementor-widget-tablet__width-inherit elementor-widget__width-initial elementor-widget elementor-widget-heading\" data-id=\"4a197c6b\" data-element_type=\"widget\" data-widget_type=\"heading.default\">\n\t\t\t\t<div class=\"elementor-widget-container\">\n\t\t\t\t\t<h2 class=\"elementor-heading-title elementor-size-default\">Notre engagement HSE : <br>s\u00e9curit\u00e9, sant\u00e9 et environnement au c\u0153ur de nos actions<\/h2>\t\t\t\t<\/div>\n\t\t\t\t<\/div>\n\t\t\t\t<div class=\"elementor-element elementor-element-2463e79a elementor-widget elementor-widget-icon-box\" data-id=\"2463e79a\" data-element_type=\"widget\" data-widget_type=\"icon-box.default\">\n\t\t\t\t<div class=\"elementor-widget-container\">\n\t\t\t\t\t\t\t<div class=\"elementor-icon-box-wrapper\">\n\n\t\t\t\n\t\t\t\t\t\t<div class=\"elementor-icon-box-content\">\n\n\t\t\t\t\n\t\t\t\t\t\t\t\t\t<p class=\"elementor-icon-box-description\">\n\t\t\t\t\t\tChez Manu-Services SA, la s\u00e9curit\u00e9 de nos \u00e9quipes, la sant\u00e9 de nos collaborateurs et la pr\u00e9servation de l\u2019environnement ne sont pas des options : ce sont des piliers fondamentaux de notre activit\u00e9.\nNos interventions respectent les normes HSE les plus strictes, en coh\u00e9rence avec les exigences de nos clients industriels et les standards internationaux.\t\t\t\t\t<\/p>\n\t\t\t\t\n\t\t\t<\/div>\n\t\t\t\n\t\t<\/div>\n\t\t\t\t\t\t<\/div>\n\t\t\t\t<\/div>\n\t\t\t\t<\/div>\n\t\t<div class=\"elementor-element elementor-element-1bb019d3 e-con-full e-flex e-con e-child\" data-id=\"1bb019d3\" data-element_type=\"container\">\n\t\t\t\t<div class=\"elementor-element elementor-element-6c3d4119 elementor-widget-mobile__width-initial elementor-widget__width-initial elementor-widget-tablet__width-initial elementor-invisible elementor-widget elementor-widget-image\" data-id=\"6c3d4119\" data-element_type=\"widget\" data-settings=\"{&quot;_animation&quot;:&quot;fadeInDown&quot;}\" data-widget_type=\"image.default\">\n\t\t\t\t<div class=\"elementor-widget-container\">\n\t\t\t\t\t\t\t\t\t\t\t\t\t\t\t<img fetchpriority=\"high\" decoding=\"async\" width=\"800\" height=\"962\" src=\"https:\/\/new.manuservices.net\/wp-content\/uploads\/2025\/07\/homme-souriant-a-coup-moyen-avec-tablette-scaled-e1753478710678-852x1024.jpg\" class=\"attachment-large size-large wp-image-256\" alt=\"\" srcset=\"https:\/\/new.manuservices.net\/wp-content\/uploads\/2025\/07\/homme-souriant-a-coup-moyen-avec-tablette-scaled-e1753478710678-852x1024.jpg 852w, https:\/\/new.manuservices.net\/wp-content\/uploads\/2025\/07\/homme-souriant-a-coup-moyen-avec-tablette-scaled-e1753478710678-250x300.jpg 250w, https:\/\/new.manuservices.net\/wp-content\/uploads\/2025\/07\/homme-souriant-a-coup-moyen-avec-tablette-scaled-e1753478710678-768x923.jpg 768w, https:\/\/new.manuservices.net\/wp-content\/uploads\/2025\/07\/homme-souriant-a-coup-moyen-avec-tablette-scaled-e1753478710678-1278x1536.jpg 1278w, https:\/\/new.manuservices.net\/wp-content\/uploads\/2025\/07\/homme-souriant-a-coup-moyen-avec-tablette-scaled-e1753478710678-1704x2048.jpg 1704w, https:\/\/new.manuservices.net\/wp-content\/uploads\/2025\/07\/homme-souriant-a-coup-moyen-avec-tablette-scaled-e1753478710678.jpg 1707w\" sizes=\"(max-width: 800px) 100vw, 800px\" \/>\t\t\t\t\t\t\t\t\t\t\t\t\t\t\t<\/div>\n\t\t\t\t<\/div>\n\t\t\t\t<div class=\"elementor-element elementor-element-1387f409 elementor-widget-mobile__width-initial elementor-widget__width-initial elementor-widget-tablet__width-initial elementor-invisible elementor-widget elementor-widget-image\" data-id=\"1387f409\" data-element_type=\"widget\" data-settings=\"{&quot;_animation&quot;:&quot;fadeInRight&quot;}\" data-widget_type=\"image.default\">\n\t\t\t\t<div class=\"elementor-widget-container\">\n\t\t\t\t\t\t\t\t\t\t\t\t\t\t\t<img decoding=\"async\" width=\"774\" height=\"1024\" src=\"https:\/\/new.manuservices.net\/wp-content\/uploads\/2025\/07\/personne-travaillant-dans-le-batiment-et-la-construction-scaled-e1753478686103-774x1024.jpg\" class=\"attachment-large size-large wp-image-257\" alt=\"\" srcset=\"https:\/\/new.manuservices.net\/wp-content\/uploads\/2025\/07\/personne-travaillant-dans-le-batiment-et-la-construction-scaled-e1753478686103-774x1024.jpg 774w, https:\/\/new.manuservices.net\/wp-content\/uploads\/2025\/07\/personne-travaillant-dans-le-batiment-et-la-construction-scaled-e1753478686103-227x300.jpg 227w, https:\/\/new.manuservices.net\/wp-content\/uploads\/2025\/07\/personne-travaillant-dans-le-batiment-et-la-construction-scaled-e1753478686103-768x1016.jpg 768w, https:\/\/new.manuservices.net\/wp-content\/uploads\/2025\/07\/personne-travaillant-dans-le-batiment-et-la-construction-scaled-e1753478686103-1161x1536.jpg 1161w, https:\/\/new.manuservices.net\/wp-content\/uploads\/2025\/07\/personne-travaillant-dans-le-batiment-et-la-construction-scaled-e1753478686103.jpg 1290w\" sizes=\"(max-width: 774px) 100vw, 774px\" \/>\t\t\t\t\t\t\t\t\t\t\t\t\t\t\t<\/div>\n\t\t\t\t<\/div>\n\t\t\t\t<div class=\"elementor-element elementor-element-5f22a3a4 elementor-widget-mobile__width-initial elementor-widget__width-initial elementor-widget-tablet__width-initial elementor-invisible elementor-widget elementor-widget-image\" data-id=\"5f22a3a4\" data-element_type=\"widget\" data-settings=\"{&quot;_animation&quot;:&quot;fadeInUp&quot;}\" data-widget_type=\"image.default\">\n\t\t\t\t<div class=\"elementor-widget-container\">\n\t\t\t\t\t\t\t\t\t\t\t\t\t\t\t<img decoding=\"async\" width=\"800\" height=\"930\" src=\"https:\/\/new.manuservices.net\/wp-content\/uploads\/2025\/07\/ingenieur-cooperation-technicien-masculin-et-feminin-relais-de-controle-scaled-e1753478644372-881x1024.jpg\" class=\"attachment-large size-large wp-image-259\" alt=\"\" srcset=\"https:\/\/new.manuservices.net\/wp-content\/uploads\/2025\/07\/ingenieur-cooperation-technicien-masculin-et-feminin-relais-de-controle-scaled-e1753478644372-881x1024.jpg 881w, https:\/\/new.manuservices.net\/wp-content\/uploads\/2025\/07\/ingenieur-cooperation-technicien-masculin-et-feminin-relais-de-controle-scaled-e1753478644372-258x300.jpg 258w, https:\/\/new.manuservices.net\/wp-content\/uploads\/2025\/07\/ingenieur-cooperation-technicien-masculin-et-feminin-relais-de-controle-scaled-e1753478644372-768x893.jpg 768w, https:\/\/new.manuservices.net\/wp-content\/uploads\/2025\/07\/ingenieur-cooperation-technicien-masculin-et-feminin-relais-de-controle-scaled-e1753478644372-1321x1536.jpg 1321w, https:\/\/new.manuservices.net\/wp-content\/uploads\/2025\/07\/ingenieur-cooperation-technicien-masculin-et-feminin-relais-de-controle-scaled-e1753478644372.jpg 1468w\" sizes=\"(max-width: 800px) 100vw, 800px\" \/>\t\t\t\t\t\t\t\t\t\t\t\t\t\t\t<\/div>\n\t\t\t\t<\/div>\n\t\t\t\t<div class=\"elementor-element elementor-element-3fe281b4 elementor-widget-mobile__width-initial elementor-widget__width-initial elementor-widget-tablet__width-initial elementor-invisible elementor-widget elementor-widget-image\" data-id=\"3fe281b4\" data-element_type=\"widget\" data-settings=\"{&quot;_animation&quot;:&quot;fadeInRight&quot;,&quot;_animation_delay&quot;:&quot;200&quot;}\" data-widget_type=\"image.default\">\n\t\t\t\t<div class=\"elementor-widget-container\">\n\t\t\t\t\t\t\t\t\t\t\t\t\t\t\t<img loading=\"lazy\" decoding=\"async\" width=\"800\" height=\"930\" src=\"https:\/\/new.manuservices.net\/wp-content\/uploads\/2025\/07\/portrait-d-un-pompier-debout-devant-un-camion-de-pompiers-scaled-e1753478621622-881x1024.jpg\" class=\"attachment-large size-large wp-image-258\" alt=\"\" srcset=\"https:\/\/new.manuservices.net\/wp-content\/uploads\/2025\/07\/portrait-d-un-pompier-debout-devant-un-camion-de-pompiers-scaled-e1753478621622-881x1024.jpg 881w, https:\/\/new.manuservices.net\/wp-content\/uploads\/2025\/07\/portrait-d-un-pompier-debout-devant-un-camion-de-pompiers-scaled-e1753478621622-258x300.jpg 258w, https:\/\/new.manuservices.net\/wp-content\/uploads\/2025\/07\/portrait-d-un-pompier-debout-devant-un-camion-de-pompiers-scaled-e1753478621622-768x893.jpg 768w, https:\/\/new.manuservices.net\/wp-content\/uploads\/2025\/07\/portrait-d-un-pompier-debout-devant-un-camion-de-pompiers-scaled-e1753478621622-1322x1536.jpg 1322w, https:\/\/new.manuservices.net\/wp-content\/uploads\/2025\/07\/portrait-d-un-pompier-debout-devant-un-camion-de-pompiers-scaled-e1753478621622.jpg 1468w\" sizes=\"(max-width: 800px) 100vw, 800px\" \/>\t\t\t\t\t\t\t\t\t\t\t\t\t\t\t<\/div>\n\t\t\t\t<\/div>\n\t\t\t\t<\/div>\n\t\t\t\t\t<\/div>\n\t\t\t\t<\/div>\n\t\t<div class=\"elementor-element elementor-element-2af3728c e-con-full e-flex e-con e-parent\" data-id=\"2af3728c\" data-element_type=\"container\" data-settings=\"{&quot;background_background&quot;:&quot;classic&quot;}\">\n\t\t<div class=\"elementor-element elementor-element-18b07ba2 e-con-full e-flex e-con e-child\" data-id=\"18b07ba2\" data-element_type=\"container\" data-settings=\"{&quot;background_background&quot;:&quot;classic&quot;}\">\n\t\t\t\t<\/div>\n\t\t<div class=\"elementor-element elementor-element-2abf00dc e-con-full e-flex e-con e-child\" data-id=\"2abf00dc\" data-element_type=\"container\">\n\t\t<div class=\"elementor-element elementor-element-4623efa6 e-con-full e-flex e-con e-child\" data-id=\"4623efa6\" data-element_type=\"container\">\n\t\t\t\t<div class=\"elementor-element elementor-element-d9ca8a4 elementor-widget elementor-widget-heading\" data-id=\"d9ca8a4\" data-element_type=\"widget\" data-widget_type=\"heading.default\">\n\t\t\t\t<div class=\"elementor-widget-container\">\n\t\t\t\t\t<h2 class=\"elementor-heading-title elementor-size-default\">S\u00e9curit\u00e9 : Z\u00e9ro compromis<\/h2>\t\t\t\t<\/div>\n\t\t\t\t<\/div>\n\t\t\t\t<div class=\"elementor-element elementor-element-8679f98 elementor-widget elementor-widget-heading\" data-id=\"8679f98\" data-element_type=\"widget\" data-widget_type=\"heading.default\">\n\t\t\t\t<div class=\"elementor-widget-container\">\n\t\t\t\t\t<h2 class=\"elementor-heading-title elementor-size-default\">Pr\u00e9venir les risques, prot\u00e9ger les personnes<\/h2>\t\t\t\t<\/div>\n\t\t\t\t<\/div>\n\t\t\t\t<div class=\"elementor-element elementor-element-313e94a elementor-widget elementor-widget-text-editor\" data-id=\"313e94a\" data-element_type=\"widget\" data-widget_type=\"text-editor.default\">\n\t\t\t\t<div class=\"elementor-widget-container\">\n\t\t\t\t\t\t\t\t\t<p data-start=\"930\" data-end=\"1095\">Nous mettons en \u0153uvre une politique de <strong data-start=\"983\" data-end=\"1004\">pr\u00e9vention active<\/strong> pour garantir un environnement de travail s\u00fbr sur chaque chantier ou site d\u2019intervention :<\/p><ul data-start=\"1096\" data-end=\"1378\"><li data-start=\"1096\" data-end=\"1171\"><p data-start=\"1098\" data-end=\"1171\">Port syst\u00e9matique des EPI (casques, gants, chaussures, gilets, lunettes\u2026)<\/p><\/li><li data-start=\"1172\" data-end=\"1230\"><p data-start=\"1174\" data-end=\"1230\">Analyse pr\u00e9alable des risques (APR) avant chaque mission<\/p><\/li><li data-start=\"1231\" data-end=\"1282\"><p data-start=\"1233\" data-end=\"1282\">Affichage des consignes et proc\u00e9dures de s\u00e9curit\u00e9<\/p><\/li><li data-start=\"1283\" data-end=\"1334\"><p data-start=\"1285\" data-end=\"1334\">Formations r\u00e9guli\u00e8res sur les gestes s\u00e9curitaires<\/p><\/li><li data-start=\"1335\" data-end=\"1378\"><p data-start=\"1337\" data-end=\"1378\">Remont\u00e9e des situations dangereuses (RSD)<\/p><\/li><\/ul><p data-start=\"1380\" data-end=\"1411\"><strong data-start=\"1383\" data-end=\"1411\">Objectif : Z\u00e9ro accident<\/strong><\/p>\t\t\t\t\t\t\t\t<\/div>\n\t\t\t\t<\/div>\n\t\t\t\t<\/div>\n\t\t<div class=\"elementor-element elementor-element-76b8dc85 e-con-full e-flex e-con e-child\" data-id=\"76b8dc85\" data-element_type=\"container\">\n\t\t\t\t<div class=\"elementor-element elementor-element-0b185ad elementor-widget elementor-widget-heading\" data-id=\"0b185ad\" data-element_type=\"widget\" data-widget_type=\"heading.default\">\n\t\t\t\t<div class=\"elementor-widget-container\">\n\t\t\t\t\t<h2 class=\"elementor-heading-title elementor-size-default\">Sant\u00e9 : le bien-\u00eatre au travail avant tout<\/h2>\t\t\t\t<\/div>\n\t\t\t\t<\/div>\n\t\t\t\t<div class=\"elementor-element elementor-element-aa973ea elementor-widget elementor-widget-heading\" data-id=\"aa973ea\" data-element_type=\"widget\" data-widget_type=\"heading.default\">\n\t\t\t\t<div class=\"elementor-widget-container\">\n\t\t\t\t\t<h2 class=\"elementor-heading-title elementor-size-default\">Des collaborateurs suivis, prot\u00e9g\u00e9s et accompagn\u00e9s<\/h2>\t\t\t\t<\/div>\n\t\t\t\t<\/div>\n\t\t\t\t<div class=\"elementor-element elementor-element-d840ec9 elementor-widget elementor-widget-text-editor\" data-id=\"d840ec9\" data-element_type=\"widget\" data-widget_type=\"text-editor.default\">\n\t\t\t\t<div class=\"elementor-widget-container\">\n\t\t\t\t\t\t\t\t\t<p data-start=\"1557\" data-end=\"1642\">La sant\u00e9 de nos \u00e9quipes est une priorit\u00e9. Manu-Services SA s\u2019engage \u00e0 :<\/p><ul data-start=\"1643\" data-end=\"1955\"><li data-start=\"1643\" data-end=\"1691\"><p data-start=\"1645\" data-end=\"1691\">Organiser des <strong data-start=\"1659\" data-end=\"1691\">visites m\u00e9dicales r\u00e9guli\u00e8res<\/strong><\/p><\/li><li data-start=\"1692\" data-end=\"1770\"><p data-start=\"1694\" data-end=\"1770\">Pr\u00e9venir les troubles musculo-squelettiques (TMS) par des pratiques adapt\u00e9es<\/p><\/li><li data-start=\"1771\" data-end=\"1830\"><p data-start=\"1773\" data-end=\"1830\">Promouvoir les gestes d\u2019ergonomie et les pauses efficaces<\/p><\/li><li data-start=\"1831\" data-end=\"1894\"><p data-start=\"1833\" data-end=\"1894\">R\u00e9agir rapidement en cas de sympt\u00f4mes ou de fatigue prolong\u00e9e<\/p><\/li><li data-start=\"1895\" data-end=\"1955\"><p data-start=\"1897\" data-end=\"1955\">Cr\u00e9er un climat de dialogue et de respect dans les \u00e9quipes<\/p><\/li><\/ul>\t\t\t\t\t\t\t\t<\/div>\n\t\t\t\t<\/div>\n\t\t\t\t<\/div>\n\t\t<div class=\"elementor-element elementor-element-4394f202 e-con-full e-flex e-con e-child\" data-id=\"4394f202\" data-element_type=\"container\">\n\t\t\t\t<div class=\"elementor-element elementor-element-b368067 elementor-widget elementor-widget-heading\" data-id=\"b368067\" data-element_type=\"widget\" data-widget_type=\"heading.default\">\n\t\t\t\t<div class=\"elementor-widget-container\">\n\t\t\t\t\t<h2 class=\"elementor-heading-title elementor-size-default\">Environnement : un impact ma\u00eetris\u00e9<\/h2>\t\t\t\t<\/div>\n\t\t\t\t<\/div>\n\t\t\t\t<div class=\"elementor-element elementor-element-f83b1c3 elementor-widget elementor-widget-heading\" data-id=\"f83b1c3\" data-element_type=\"widget\" data-widget_type=\"heading.default\">\n\t\t\t\t<div class=\"elementor-widget-container\">\n\t\t\t\t\t<h2 class=\"elementor-heading-title elementor-size-default\">R\u00e9duire notre empreinte, respecter les sites d\u2019intervention<\/h2>\t\t\t\t<\/div>\n\t\t\t\t<\/div>\n\t\t\t\t<div class=\"elementor-element elementor-element-b2885d5 elementor-widget elementor-widget-text-editor\" data-id=\"b2885d5\" data-element_type=\"widget\" data-widget_type=\"text-editor.default\">\n\t\t\t\t<div class=\"elementor-widget-container\">\n\t\t\t\t\t\t\t\t\t<p data-start=\"2102\" data-end=\"2203\">Nous veillons \u00e0 limiter notre impact environnemental \u00e0 chaque \u00e9tape de nos op\u00e9rations :<\/p><ul data-start=\"2204\" data-end=\"2449\"><li data-start=\"2204\" data-end=\"2242\"><p data-start=\"2206\" data-end=\"2242\">Tri et collecte des d\u00e9chets sur site<\/p><\/li><li data-start=\"2243\" data-end=\"2291\"><p data-start=\"2245\" data-end=\"2291\">R\u00e9duction des consommations d\u2019eau et d\u2019\u00e9nergie<\/p><\/li><li data-start=\"2292\" data-end=\"2339\"><p data-start=\"2294\" data-end=\"2339\">Transport optimis\u00e9 pour limiter les \u00e9missions<\/p><\/li><li data-start=\"2340\" data-end=\"2379\"><p data-start=\"2342\" data-end=\"2379\">\u00c9quipements durables et r\u00e9utilisables<\/p><\/li><li data-start=\"2380\" data-end=\"2449\"><p data-start=\"2382\" data-end=\"2449\">Sensibilisation du personnel aux bonnes pratiques environnementales<\/p><\/li><\/ul>\t\t\t\t\t\t\t\t<\/div>\n\t\t\t\t<\/div>\n\t\t\t\t<\/div>\n\t\t<div class=\"elementor-element elementor-element-4f6e08fa e-con-full e-flex e-con e-child\" data-id=\"4f6e08fa\" data-element_type=\"container\">\n\t\t\t\t<div class=\"elementor-element elementor-element-cf4db3b elementor-widget elementor-widget-heading\" data-id=\"cf4db3b\" data-element_type=\"widget\" data-widget_type=\"heading.default\">\n\t\t\t\t<div class=\"elementor-widget-container\">\n\t\t\t\t\t<h2 class=\"elementor-heading-title elementor-size-default\">Am\u00e9lioration continue et conformit\u00e9<\/h2>\t\t\t\t<\/div>\n\t\t\t\t<\/div>\n\t\t\t\t<div class=\"elementor-element elementor-element-e429a29 elementor-widget elementor-widget-heading\" data-id=\"e429a29\" data-element_type=\"widget\" data-widget_type=\"heading.default\">\n\t\t\t\t<div class=\"elementor-widget-container\">\n\t\t\t\t\t<h2 class=\"elementor-heading-title elementor-size-default\">Un syst\u00e8me \u00e9volutif, conforme aux standards internationaux<\/h2>\t\t\t\t<\/div>\n\t\t\t\t<\/div>\n\t\t\t\t<div class=\"elementor-element elementor-element-18a09e3 elementor-widget elementor-widget-text-editor\" data-id=\"18a09e3\" data-element_type=\"widget\" data-widget_type=\"text-editor.default\">\n\t\t\t\t<div class=\"elementor-widget-container\">\n\t\t\t\t\t\t\t\t\t<p data-start=\"2596\" data-end=\"2718\">Nous menons r\u00e9guli\u00e8rement des <strong data-start=\"2640\" data-end=\"2671\">audits internes et externes<\/strong> pour garantir la conformit\u00e9 de nos pratiques :<\/p><ul data-start=\"2719\" data-end=\"2925\"><li data-start=\"2719\" data-end=\"2784\"><p data-start=\"2721\" data-end=\"2784\">Suivi d\u2019indicateurs HSE (accidents, incidents, quasi-accidents)<\/p><\/li><li data-start=\"2785\" data-end=\"2838\"><p data-start=\"2787\" data-end=\"2838\">Retours d\u2019exp\u00e9rience (REX) et analyses d\u2019\u00e9v\u00e9nements<\/p><\/li><li data-start=\"2839\" data-end=\"2866\"><p data-start=\"2841\" data-end=\"2866\">Plans d\u2019action correctifs<\/p><\/li><li data-start=\"2867\" data-end=\"2925\"><p data-start=\"2869\" data-end=\"2925\">Veille r\u00e9glementaire et adaptation aux normes en vigueur<\/p><\/li><\/ul><p data-start=\"2927\" data-end=\"3047\">Cette d\u00e9marche s\u2019inscrit dans notre volont\u00e9 de progresser en continu et de d\u00e9passer les attentes de nos partenaires.<\/p>\t\t\t\t\t\t\t\t<\/div>\n\t\t\t\t<\/div>\n\t\t\t\t<\/div>\n\t\t\t\t<\/div>\n\t\t\t\t<\/div>\n\t\t\t\t<\/div>\n\t\t","protected":false},"excerpt":{"rendered":"<p>Politique HSE Notre engagement HSE : s\u00e9curit\u00e9, sant\u00e9 et environnement au c\u0153ur de nos actions Chez Manu-Services SA, la s\u00e9curit\u00e9 de nos \u00e9quipes, la sant\u00e9 de nos collaborateurs et la pr\u00e9servation de l\u2019environnement ne sont pas des options : ce sont des piliers fondamentaux de notre activit\u00e9. Nos interventions respectent les normes HSE les plus [&hellip;]<\/p>\n","protected":false},"author":1,"featured_media":0,"parent":0,"menu_order":0,"comment_status":"closed","ping_status":"closed","template":"","meta":{"footnotes":""},"class_list":["post-103","page","type-page","status-publish","hentry"],"_links":{"self":[{"href":"https:\/\/new.manuservices.net\/index.php?rest_route=\/wp\/v2\/pages\/103","targetHints":{"allow":["GET"]}}],"collection":[{"href":"https:\/\/new.manuservices.net\/index.php?rest_route=\/wp\/v2\/pages"}],"about":[{"href":"https:\/\/new.manuservices.net\/index.php?rest_route=\/wp\/v2\/types\/page"}],"author":[{"embeddable":true,"href":"https:\/\/new.manuservices.net\/index.php?rest_route=\/wp\/v2\/users\/1"}],"replies":[{"embeddable":true,"href":"https:\/\/new.manuservices.net\/index.php?rest_route=%2Fwp%2Fv2%2Fcomments&post=103"}],"version-history":[{"count":13,"href":"https:\/\/new.manuservices.net\/index.php?rest_route=\/wp\/v2\/pages\/103\/revisions"}],"predecessor-version":[{"id":275,"href":"https:\/\/new.manuservices.net\/index.php?rest_route=\/wp\/v2\/pages\/103\/revisions\/275"}],"wp:attachment":[{"href":"https:\/\/new.manuservices.net\/index.php?rest_route=%2Fwp%2Fv2%2Fmedia&parent=103"}],"curies":[{"name":"wp","href":"https:\/\/api.w.org\/{rel}","templated":true}]}}